31?
7, 23, 31, 3041
What are the prime factors of 26072?
2, 3259
What are the prime factors of 3890427?
3, 23, 56383
What are the prime factors of 97424?
2, 6089
List the prime factors of 28966011.
3, 17, 567961
What are the prime factors of 1346253?
3, 53, 8467
What are the prime factors of 458567?
458567
List the prime factors of 1269347.
23, 229, 241
List the prime factors of 506900.
2, 5, 37, 137
What are the prime factors of 908357?
103, 8819
List the prime factors of 5198779.
151, 34429
List the prime factors of 1111255.
5, 109, 2039
List the prime factors of 1083373.
53, 20441
List the prime factors of 26650517.
1451, 18367
What are the prime factors of 21816017?
59, 137, 2699
List the prime factors of 3110350.
2, 5, 62207
What are the prime factors of 65776?
2, 4111
List the prime factors of 283417.
29, 337
List the prime factors of 230235.
3, 5, 15349
List the prime factors of 158997.
3, 52999
List the prime factors of 11069216.
2, 37, 9349
What are the prime factors of 602215?
5, 43, 2801
What are the prime factors of 7277501?
7, 11, 94513
List the prime factors of 1852584.
2, 3, 77191
List the prime factors of 5542723.
5542723
What are the prime factors of 6607488?
2, 3, 17207
List the prime factors of 38830.
2, 5, 11, 353
What are the prime factors of 1775651?
1039, 1709
List the prime factors of 253608.
2, 3, 10567
List the prime factors of 1291528.
2, 7, 23063
What are the prime factors of 536084?
2, 23, 5827
List the prime factors of 2356837.
7, 31, 10861
List the prime factors of 7444555.
5, 17, 87583
What are the prime factors of 1746724?
2, 7, 62383
What are the prime factors of 1196714?
2, 29, 47, 439
What are the prime factors of 195450?
2, 3, 5, 1303
What are the prime factors of 9384385?
5, 19, 173, 571
List the prime factors of 221330.
2, 5, 22133
What are the prime factors of 1427257?
13, 109789
What are the prime factors of 3205430?
2, 5, 73, 4391
What are the prime factors of 1723463?
7, 246209
What are the prime factors of 3742132?
2, 401, 2333
What are the prime factors of 27867470?
2, 5, 59, 149, 317
What are the prime factors of 1350269?
29, 101, 461
What are the prime factors of 183515?
5, 17, 127
What are the prime factors of 360091?
360091
List the prime factors of 4062268.
2, 7, 59, 2459
List the prime factors of 42028075.
5, 41, 131, 313
List the prime factors of 1477334.
2, 17, 43451
What are the prime factors of 649379?
649379
What are the prime factors of 7495164?
2, 3, 17, 37, 331
List the prime factors of 414625.
5, 31, 107
What are the prime factors of 9280166?
2, 7, 199, 3331
What are the prime factors of 1825453?
7, 79, 3301
What are the prime factors of 5087385?
3, 5, 131, 863
List the prime factors of 312042.
2, 3, 131, 397
List the prime factors of 14128584.
2, 3, 479, 1229
What are the prime factors of 4293829?
19, 67, 3373
List the prime factors of 2796792.
2, 3, 116533
What are the prime factors of 332986?
2, 331, 503
What are the prime factors of 205202?
2, 37, 47, 59
What are the prime factors of 3716580?
2, 3, 5, 7, 8849
List the prime factors of 1010564.
2, 252641
What are the prime factors of 8810238?
2, 3, 79, 18587
List the prime factors of 14250286.
2, 43, 165701
List the prime factors of 11231.
11, 1021
List the prime factors of 522974.
2, 23, 11369
What are the prime factors of 9014819?
11, 743, 1103
What are the prime factors of 4562311?
13, 350947
List the prime factors of 13428883.
13, 151, 6841
List the prime factors of 1477731.
3, 101, 4877
List the prime factors of 964480.
2, 5, 11, 137
List the prime factors of 662728.
2, 11, 17, 443
List the prime factors of 1262108.
2, 315527
What are the prime factors of 653318?
2, 326659
What are the prime factors of 322558?
2, 17, 53, 179
List the prime factors of 263134.
2, 149, 883
List the prime factors of 1161718.
2, 580859
List the prime factors of 565119.
3, 62791
List the prime factors of 7335.
3, 5, 163
List the prime factors of 20750060.
2, 5, 1037503
What are the prime factors of 1874087?
37, 50651
What are the prime factors of 7133849?
7133849
List the prime factors of 52136.
2, 7, 19
List the prime factors of 1251080.
2, 5, 31277
What are the prime factors of 6540486?
2, 3, 29, 37589
What are the prime factors of 1355016?
2, 3, 13, 43, 101
What are the prime factors of 4172624?
2, 251, 1039
What are the prime factors of 467664?
2, 3, 9743
What are the prime factors of 15575932?
2, 3893983
List the prime factors of 5876231.
5876231
What are the prime factors of 3685951?
3685951
What are the prime factors of 137938?
2, 17, 4057
What are the prime factors of 464913?
3, 67, 257
What are the prime factors of 1749684?
2, 3, 145807
List the prime factors of 143073.
3, 7, 757
List the prime factors of 5299885.
5, 811, 1307
List the prime factors of 563634.
2, 3, 173, 181
List the prime factors of 418576.
2, 26161
List the prime factors of 5118563.
41, 131, 953
What are the prime factors of 169846?
2, 163, 521
What are the prime factors of 1356027?
3, 452009
List the prime factors of 920325.
3, 5, 7, 1753
What are the prime factors of 3791989?
59, 64271
List the prime factors of 29786888.
2, 149, 24989
What are the prime factors of 1030228?
2, 37, 6961
What are the prime factors of 7041448?
2, 223, 3947
What are the prime factors of 2609687?
17, 153511
What are the prime factors of 10116843?
3, 11, 281, 1091
What are the prime factors of 6077936?
2, 29, 13099
What are the prime factors of 286540?
2, 5, 14327
List the prime factors of 2991007.
157, 19051
List the prime factors of 419336.
2, 23, 43, 53
What are the prime factors of 541577?
541577
List the prime factors of 36692.
2, 9173
What are the prime factors of 2077812?
2, 3, 11, 53
What are the prime factors of 647810?
2, 5, 64781
What are the prime factors of 423289?
423289
List the prime factors of 2215.
5, 443
List the prime factors of 985240.
2, 5, 24631
List the prime factors of 3709447.
7, 75703
What are the prime factors of 2017972?
2, 11, 45863
What are the prime factors of 1691983?
1691983
What are the prime factors of 41779?
41, 1019
What are the prime factors of 452440?
2, 5, 11311
What are the prime factors of 94621?
94621
List the prime factors of 1239.
3, 7, 59
What are the prime factors of 1492130?
2, 5, 149213
What are the prime factors of 929877?
3, 13, 113, 211
What are the prime factors of 81032?
2, 7, 1447
List the prime factors of 138655.
5, 11, 2521
What are the prime factors of 528068?
2, 97, 1361
What are the prime factors of 393168?
2, 3, 8191
List the prime factors of 199109.
199109
What are the prime factors of 229275?
3, 5, 1019
What are the prime factors of 317584?
2, 23, 863
List the prime factors of 829516.
2, 29, 7151
What are the prime factors of 20479638?
2, 3, 3413273
What are the prime factors of 1203671?
7, 373, 461
List the prime factors of 169737.
3, 29, 1951
List the prime factors of 14340466.
2, 7, 1024319
List the prime factors of 1977246.
2, 3, 109847
What are the prime factors of 68966?
2, 34483
What are the prime factors of 2965810?
2, 5, 296581
What are the prime factors of 850944?
2, 3, 277
What are the prime factors of 116129?
13, 8933
List the prime factors of 16308.
2, 3, 151
What are the prime factors of 2132381?
2132381
What are the prime factors of 336954?
2, 3, 89, 631
What are the prime factors of 1628173?
1628173
List the prime factors of 1020370.
2, 5, 13, 47, 167
What are the prime factors of 45384?
2, 3, 31, 61
List the prime factors of 918695.
5, 43, 4273
What are the prime factors of 4452013?
4452013
List the prime factors of 2175189.
3, 823, 881
List the prime factors of 231782.
2, 115891
List the prime factors of 823002.
2, 3, 73, 1879
What are the prime factors of 1263858?
2, 3, 210643
List the prime factors of 4128596.
2, 131, 7879
What are the prime factors of 309721?
31, 97, 103
List the prime factors of 12333827.
11, 1121257
What are the prime factors of 4808045?
5, 11, 19, 43, 107
List the prime factors of 2363291.
7, 67, 5039
What are the prime factors of 164293?
19, 8647
List the prime factors of 30625632.
2, 3, 43, 2473
List the prime factors of 803750.
2, 5, 643
List the prime factors of 25234863.
3, 8411621
List the prime factors of 6044910.
2, 3, 5, 201497
List the prime factors of 1930668.
2, 3, 349, 461